-5 + -2301?
-2310
In base 12, what is -1059 - 2?
-105b
In base 2, what is -1000110 + -11?
-1001001
In base 10, what is 1373 + 0?
1373
In base 12, what is a + 11?
1b
In base 11, what is a2 - -5?
a7
In base 7, what is -2550 + 11?
-2536
In base 7, what is 360 + 0?
360
In base 4, what is 3 + -13110?
-13101
In base 14, what is c - 0?
c
In base 3, what is 0 + 210220?
210220
In base 2, what is -111001001 + -11?
-111001100
In base 9, what is 5 - -472?
477
In base 6, what is 20 + 5354?
5414
In base 6, what is 233 - 0?
233
In base 6, what is 5 - -102?
111
In base 13, what is -1328 - -5?
-1323
In base 9, what is -6728 - -2?
-6726
In base 9, what is -4 + 5421?
5416
In base 2, what is -101000101 - 1101?
-101010010
In base 11, what is 19 + -2?
17
In base 14, what is -75 + 8?
-6b
In base 8, what is -60 + 477?
417
In base 13, what is -1 - 2?
-3
In base 13, what is -2 + -17?
-19
In base 14, what is -539a - 5?
-53a1
In base 7, what is -116 + -10?
-126
In base 13, what is -23 - 14?
-37
In base 15, what is -8 + -25d?
-266
In base 4, what is 1 + -1203?
-1202
In base 13, what is 22 - -7?
29
In base 15, what is 3 - -1c?
20
In base 16, what is 3 + 5f?
62
In base 8, what is -4 - 314?
-320
In base 6, what is 3535 - 5?
3530
In base 13, what is 2 + -43?
-41
In base 9, what is 4 - 115?
-111
In base 14, what is 0 - -985?
985
In base 10, what is -94 - 8?
-102
In base 3, what is -11001 + 102?
-10122
In base 4, what is -31 - -23030?
22333
In base 2, what is -10000 - 100?
-10100
In base 15, what is 5 + -2a?
-25
In base 14, what is -4d50 + 2?
-4d4c
In base 10, what is 2 - 194?
-192
In base 9, what is 142 + 20?
162
In base 2, what is 100101010 - 1111?
100011011
In base 14, what is 2 + -4c6?
-4c4
In base 16, what is -b + -9?
-14
In base 14, what is -18 + 21a?
202
In base 9, what is 2 - -23?
25
In base 15, what is -27 + -2e?
-56
In base 12, what is 844 + -7?
839
In base 8, what is 2 - 55?
-53
In base 13, what is 3 - 4b1?
-4ab
In base 2, what is -11 + -110?
-1001
In base 8, what is 367 + -2?
365
In base 13, what is 4 + -34?
-30
In base 5, what is -122 - -1?
-121
In base 10, what is -5 - -17?
12
In base 8, what is 13 - 22?
-7
In base 14, what is -32d - -2?
-32b
In base 10, what is -70 + -47?
-117
In base 7, what is -5 + -51?
-56
In base 4, what is -2313 + 11?
-2302
In base 9, what is -11210 + -2?
-11212
In base 11, what is 18 - -22?
3a
In base 16, what is -25 - 18?
-3d
In base 7, what is 1 + -314?
-313
In base 6, what is -1 - 14?
-15
In base 11, what is 2a04 + -4?
2a00
In base 6, what is -4 - -12?
4
In base 9, what is -25 + -33?
-58
In base 15, what is -b - 13?
-1e
In base 8, what is 5 - 7042?
-7035
In base 13, what is -4c + 1b?
-31
In base 4, what is 20 - 12020?
-12000
In base 4, what is 1020 + -10032?
-3012
In base 7, what is -20 + -30?
-50
In base 11, what is -422 + -5?
-427
In base 13, what is 13 + -a6?
-93
In base 7, what is 2 + 144?
146
In base 7, what is -152 + -65?
-250
In base 16, what is -23 + 6?
-1d
In base 2, what is 100 - -1001011110100?
1001011111000
In base 16, what is -4f06 + 0?
-4f06
In base 12, what is -2a9 + 1?
-2a8
In base 4, what is 113 + 11002?
11121
In base 11, what is -5 + 86?
81
In base 7, what is 2300 + -11?
2256
In base 4, what is -11 + -131121?
-131132
In base 4, what is 1030 + -1030?
0
In base 4, what is -10 - -11313?
11303
In base 12, what is -15 - 48?
-61
In base 7, what is -214 - -2?
-212
In base 13, what is a382 - 4?
a37b
In base 9, what is 4 + -6?
-2
In base 11, what is -3 + 149?
146
In base 3, what is -10110 - -1000?
-2110
In base 4, what is 11 + -323102?
-323031
In base 11, what is -12 - -2?
-10
In base 5, what is 124 + 110?
234
In base 5, what is -20 - 1040?
-1110
In base 6, what is -20244 - -3?
-20241
In base 16, what is 1531 - -1?
1532
In base 5, what is 231001 + -3?
230443
In base 13, what is -15 - -44?
2c
In base 9, what is -368 + 0?
-368
In base 2, what is -11010 - -1100110?
1001100
In base 4, what is -2220 + -2?
-2222
In base 8, what is -5 + 525?
520
In base 9, what is 248 - 1?
247
In base 10, what is -6 + 10?
4
In base 12, what is -69 - 24?
-91
In base 3, what is 2111 + -10?
2101
In base 16, what is 2e + 7?
35
In base 13, what is 1 + -584?
-583
In base 13, what is 6 - 119?
-113
In base 14, what is 49 - 42?
7
In base 13, what is -3a1 - 0?
-3a1
In base 11, what is 3 + -317?
-314
In base 7, what is 333 + -5?
325
In base 15, what is -e - -97?
88
In base 3, what is 1001 + 1001?
2002
In base 8, what is -3 + 162?
157
In base 13, what is 21b - -3?
221
In base 8, what is 46 + 1125?
1173
In base 15, what is -2 - -3aa?
3a8
In base 5, what is -240131 - 1?
-240132
In base 11, what is -108 + 19?
-9a
In base 6, what is -2212 - -4?
-2204
In base 10, what is -732 + 10?
-722
In base 10, what is -59 + 2?
-57
In base 10, what is 8 + -24?
-16
In base 5, what is -231 + 4?
-222
In base 4, what is -1011003 - -2?
-1011001
In base 8, what is -6470 + 0?
-6470
In base 14, what is 13 + 2?
15
In base 12, what is 129 + -60?
89
In base 3, what is 10 - 220?
-210
In base 6, what is 113 - 2?
111
In base 8, what is -305 - -5?
-300
In base 12, what is 3b - -58?
97
In base 15, what is -3 - -46?
43
In base 16, what is 1 + 5b?
5c
In base 5, what is 12201 - 10?
12141
In base 5, what is 121 - 2?
114
In base 9, what is 21318 - -3?
21322
In base 16, what is 11 + d5?
e6
In base 9, what is 3 - 821?
-817
In base 2, what is 1101100010 - 11111?
1101000011
In base 10, what is 3 + -4?
-1
In base 8, what is -10260 - -2?
-10256
In base 4, what is 1021230 - 2?
1021222
In base 16, what is -4a - -5?
-45
In base 11, what is -5192 - 3?
-5195
In base 9, what is 4 - 1206?
-1202
In base 3, what is -1010 - -10212?
2202
In base 12, what is 10 + -89?
-79
In base 7, what is -60 + 4?
-53
In base 7, what is -43 - -4?
-36
In base 6, what is -23322 + 1?
-23321
In base 4, what is 3 - -323222?
323231
In base 2, what is -110011100 + 1000011?
-101011001
In base 5, what is 0 + -121?
-121
In base 6, what is -214 + 453?
235
In base 2, what is 0 - 100100?
-100100
In base 14, what is 30 + a?
3a
In base 3, what is 12 - -1021121?
1021210
In base 3, what is 200000 + -1011?
121212
In base 8, what is 0 + -2762?
-2762
In base 6, what is 5221 + -2?
5215
In base 7, what is -2625 - -15?
-2610
In base 12, what is -3 + 58?
55
In base 15, what is -5 - 90?
-95
In base 2, what is -110001001010 - -11?
-110001000111
In base 13, what is -3 + 23?
20
In base 6, what is 40 - -3?
43
In base 3, what is -11 - -110201?
110120
In base 10, what is -6 - 16?
-22
In base 8, what is 41 + -62?
-21
In base 10, what is 531 - -5?
536
In base 16, what is -c - -5a2?
596
In base 12, what is -7 + -45?
-50
In base 2, what is -11110 - 10111?
-110101
In base 9, what is 757 + -8?
748
In base 2, what is 11001 + 111?
100000
In base 12, what is 179 - 4?
175
In base 5, what is -1120 - -13?
-1102
In base 16, what is -5 + 176d?
1768
In base 14, what is -11 + 3b9?
3a8
In base 5, what is -10 + -14104?
-14114
In base 2, what is -111 + 111?
0
In base 16, what is 67 - -72?
d9
In base 13, what is 4 - -126?
12a
In base 5, what is -3 - -11413?
11410
In base 10, what is -2 + -123?
-125
In base 9, what is 4 + -118?
-114
In base 14, what is b + -ba?
-ad
In base 11, what is 3 + 1?
4
In base 16, what is 5db + 0?
5db
In base 13, what is -6 - -3b?
35
In base 6, what is -14 - 333?
-351
In base 2, what is -1 + -101000101?
-101000110
In base 13, what is 105 - -4?
109
In base 14, what is -5 + 7?
2
In base 10, what is 10 + -672?
-662
In base 5, what is -202 + -22?
-224
In base 2, what is -100010011110 - 1?
-100010011111
In base 5, what is -12 + 10?
-2
In base 7, what is 1103 + -1?
1102
In base 12, what is -6ab8 + 5?
-6ab3
In base 12, what is -6394 - 5?
-6399
In base 13, what is 2 - -1bb?
1c0
In base 11, what is 2 + 408?
40a
In base 4, what is -10103200 - 3?
-10103203
In base 16, what is -4 + -f?
-13
In base 14, what is 4 + 65?
69
In base 16, what is -542 + -5?
-547
In base 13, what is -212 - 3?
-215
In base 2, what is -101 + -100101101011?
-100101110000
In base 10, what is 51 - 1?
50
In base 4, what is -10 + -20221?
-20231
In base 11, what is 0 - 2?
-2
In base 12, what is 1 + 8?
9
In base 8, what is 3 + -114?
-111
In base 16, what is -31 + -122?
-153
In base 10, what is -595 - 12?
-607
In base 6, what is -1154 + 50?
-1104
In base 9, what is -5 - -121?
115
In base 3, what is -12